9 a composite number?
True
Is 136033743641 prime?
True
Is 6930799 a prime number?
False
Is 8296742437 a prime number?
True
Is 41941589439 a prime number?
False
Is 45606933937 a prime number?
True
Is 2615608939 prime?
True
Is 1884687043 a prime number?
True
Is 76919938547 a composite number?
False
Is 1451258689 a prime number?
False
Is 30266985743 a prime number?
True
Is 853557515 a prime number?
False
Is 57921131 a composite number?
False
Is 62181358693 prime?
True
Is 4783317703 prime?
True
Is 10771905301 prime?
False
Is 17244253889 a composite number?
False
Is 171347009 prime?
False
Is 3464686523 a composite number?
False
Is 2909474111 a prime number?
False
Is 315388193 composite?
False
Is 21330501911 prime?
False
Is 616642253 prime?
True
Is 415348711 prime?
False
Is 112671618149 prime?
True
Is 456390859 composite?
False
Is 93180599 composite?
True
Is 6361191101 a composite number?
False
Is 551643487 a prime number?
True
Is 8951720417 a composite number?
False
Is 88772495927 prime?
True
Is 1319891659 a prime number?
True
Is 5423749151 a composite number?
False
Is 2889697947 a prime number?
False
Is 1031484499 composite?
True
Is 2375552021 a prime number?
True
Is 18992102141 composite?
True
Is 24437072967 prime?
False
Is 34693962887 a prime number?
False
Is 136091957971 composite?
True
Is 4613785153 a composite number?
False
Is 124324313639 composite?
False
Is 621577423 a prime number?
False
Is 1029861619 composite?
True
Is 2363954267 a composite number?
True
Is 1285013183 composite?
True
Is 18198512907 a composite number?
True
Is 5462682767 prime?
True
Is 2401719757 a composite number?
True
Is 48236793389 a prime number?
False
Is 60936676403 a composite number?
False
Is 135151431329 composite?
False
Is 160125929 a prime number?
True
Is 3614070533 a composite number?
False
Is 130039313 prime?
True
Is 23583588251 prime?
False
Is 2892952273 a prime number?
True
Is 5958428003 a prime number?
False
Is 2126398067 prime?
False
Is 2554017749 a prime number?
False
Is 5249021027 a composite number?
False
Is 4797657807 prime?
False
Is 11304243019 a prime number?
False
Is 8556102131 a composite number?
True
Is 2224501847 prime?
False
Is 9044143 prime?
False
Is 216171727451 a prime number?
True
Is 5262748303 composite?
False
Is 960594643 a prime number?
True
Is 42100195183 composite?
False
Is 1173464317 a composite number?
False
Is 765740161 composite?
False
Is 21747904939 a prime number?
False
Is 1962080003 a composite number?
True
Is 427185001 prime?
True
Is 4238397851 a prime number?
True
Is 127021231049 a prime number?
True
Is 315447841 a composite number?
False
Is 16723677829 prime?
False
Is 1890918917 composite?
False
Is 639171439 a prime number?
True
Is 916337971 a composite number?
True
Is 19895468863 a prime number?
False
Is 1199184991 prime?
False
Is 7383509261 a composite number?
True
Is 52074746627 composite?
True
Is 999088289 a composite number?
False
Is 1133977619 prime?
True
Is 9285399262 a prime number?
False
Is 3415612451 a prime number?
True
Is 128073557345 prime?
False
Is 1556123533 a prime number?
True
Is 1128284327 composite?
True
Is 2392316669 prime?
True
Is 53784847 composite?
False
Is 11950115407 a composite number?
False
Is 3268467661 prime?
False
Is 1564509481 prime?
True
Is 8114848441 a prime number?
False
Is 100545978011 a composite number?
False
Is 3879106303 prime?
False
Is 21991099891 prime?
True
Is 1230573257 a prime number?
True
Is 352144337 prime?
False
Is 17912804309 prime?
True
Is 2459901914 a composite number?
True
Is 3866074117 prime?
False
Is 45900792493 a composite number?
True
Is 42578231233 prime?
False
Is 38812589797 prime?
False
Is 301568171249 a composite number?
False
Is 851490193 prime?
False
Is 224327302961 composite?
True
Is 32208438949 a prime number?
True
Is 20804026501 composite?
True
Is 1613164019 a prime number?
False
Is 91695013 a composite number?
True
Is 1391431493 composite?
False
Is 179642051 composite?
False
Is 3500553593 prime?
False
Is 5384268293 a composite number?
False
Is 2750404127 composite?
False
Is 1502672533 a prime number?
True
Is 8834667199 a prime number?
False
Is 418614867589 composite?
True
Is 281023313 a composite number?
True
Is 743988755 composite?
True
Is 4894137239 prime?
True
Is 828187769 a composite number?
False
Is 48840549 a prime number?
False
Is 3143143207 prime?
True
Is 3428915791 prime?
False
Is 91145094637 prime?
True
Is 272679397 composite?
True
Is 510584461 prime?
False
Is 280817351 a prime number?
True
Is 121063727 a prime number?
True
Is 46065863 a composite number?
False
Is 176389090399 a composite number?
True
Is 10498908683 composite?
False
Is 116926724303 a prime number?
True
Is 1517839021 a composite number?
False
Is 4425806761 composite?
True
Is 330205607 composite?
False
Is 66334793621 composite?
False
Is 7992878531 prime?
False
Is 3204115561 prime?
True
Is 86434297 composite?
True
Is 4763581 composite?
False
Is 22420956679 a composite number?
True
Is 1143689033 prime?
True
Is 46936359523 a composite number?
True
Is 1777645603 prime?
True
Is 3306284929 a prime number?
True
Is 161644097 a composite number?
False
Is 683468987 a composite number?
False
Is 3230365273 composite?
False
Is 14100790009 a composite number?
True
Is 148481621903 composite?
False
Is 32458931809 a prime number?
True
Is 51977507339 composite?
True
Is 13703411069 prime?
True
Is 170271349 composite?
True
Is 1392675761 prime?
True
Is 80972560289 a composite number?
False
Is 1038358439 composite?
False
Is 106865693417 a composite number?
True
Is 11564680019 a composite number?
False
Is 2002396631 a composite number?
True
Is 28619704753 a composite number?
False
Is 619671259 prime?
False
Is 34499189 a composite number?
False
Is 49231974343 composite?
True
Is 524640257 composite?
False
Is 7556469643 prime?
False
Is 20680848157 a prime number?
True
Is 54938262569 a composite number?
False
Is 107636889671 a prime number?
True
Is 375305906603 composite?
False
Is 238196699 a composite number?
True
Is 19237318559 prime?
True
Is 69623921609 a composite number?
True
Is 42789829597 a prime number?
False
Is 41958472477 composite?
True
Is 101623091 composite?
False
Is 9499369223 prime?
False
Is 5784480731 composite?
False
Is 1617106199 a composite number?
False
Is 19845636913 a composite number?
False
Is 126276163451 a prime number?
True
Is 8375187311 prime?
False
Is 70035706831 prime?
True
Is 5279246321 composite?
True
Is 10581975179 a prime number?
True
Is 13108639567 a prime number?
False
Is 300093613 prime?
False
Is 1851113099 a prime number?
False
Is 37052746651 composite?
True
Is 1681988953 a prime number?
False
Is 486581023 prime?
True
Is 4616585339 a prime number?
True
Is 7645729783 prime?
False
Is 1494974113 a composite number?
False
Is 2629230977 a prime number?
True
Is 9737292743 prime?
True
Is 82250761 a composite number?
True
Is 142926287381 composite?
False
Is 1841461241 a prime number?
True
Is 12819146983 prime?
True
Is 52477605073 prime?
True
Is 28586379499 prime?
True
Is 1604572513 composite?
False
Is 39034916159 a composite number?
False
Is 532023377 a prime number?
False
Is 3212296649 composite?
True
Is 3921852733 a composite number?
False
Is 10456680023 prime?
False
Is 764473573 a composite number?
False
Is 8660188751 composite?
False
Is 336818303 prime?
True
Is 260619243 prime?
False
Is 22367282759 a composite number?
True
Is 101801537 a composite number?
True
Is 2525665595 prime?
False
Is 338294003 composite?
False
Is 3269027687 composite?
False
Is 49369346089 prime?
False
Is 1716408559 a prime number?
False
Is 3152580121 a composite number?
False
Is 52710165691 prime?
True
Is 9723013129 a composite number?
False
Is 30384804115 a prime number?
False
Is 12894161909 composite?
False
Is 109543099 a prime number?
False
Is 13883158661 prime?
False
Is 59505607267 a prime number?
False
Is 5824306073 composite?
False
Is 32229862997 a composite number?
False
Is 3201315797 composite?
True
Is 253193560559 a composite number?
True
Is 7456525169 prime?
True
Is 2446249241 a composite number?
False
Is 3058984649 a composite number?
True
Is 117414999077 prime?
False
Is 1285947841 composite?
True
Is 5281392707 composite?
True
Is 22655301997 a prime number?
False
Is 3586393753 prime?
False
Is 9